10) to base 8.
-147204
Convert -1465 (base 7) to base 9.
-721
Convert -10120202221 (base 3) to base 4.
-101032111
11032 (base 4) to base 14
19c
-2120210 (base 3) to base 6
-12420
What is 379 (base 12) in base 5?
4100
What is 20443 (base 5) in base 10?
1373
35052 (base 7) to base 14
3399
-3722 (base 15) to base 13
-5456
-207c (base 13) to base 4
-1012101
What is -2a7 (base 11) in base 12?
-25b
Convert 34a (base 14) to base 16.
28e
Convert -14012 (base 9) to base 16.
-2510
What is 1411 (base 6) in base 4?
11233
-4daa (base 15) to base 12
-9721
-240a (base 13) to base 2
-1001111011000
Convert 2224 (base 7) to base 9.
1081
What is 7700 (base 8) in base 4?
333000
What is -4300 (base 7) in base 5?
-22034
262 (base 8) to base 7
343
What is -6728 (base 10) in base 7?
-25421
What is 797b (base 16) in base 9?
46584
What is 465 (base 15) in base 4?
33203
What is 1011010101101 (base 2) in base 16?
16ad
What is 1002211 (base 3) in base 16?
325
Convert -2002101 (base 3) to base 6.
-11014
231331 (base 5) to base 7
33214
252 (base 12) to base 10
350
What is 14062 (base 8) in base 5?
144234
Convert 2262 (base 10) to base 3.
10002210
What is -20414 (base 5) in base 8?
-2517
What is -104 (base 9) in base 10?
-85
Convert 30432 (base 5) to base 4.
133020
Convert 29 (base 12) to base 15.
23
13002 (base 4) to base 2
111000010
165 (base 11) to base 7
363
What is ab (base 15) in base 12?
115
What is -332030 (base 6) in base 16?
-6c12
What is -111b (base 14) in base 9?
-4054
Convert 8843 (base 12) to base 16.
3ab3
What is -4229 (base 10) in base 7?
-15221
Convert 10102222 (base 3) to base 5.
40020
Convert -221013 (base 5) to base 6.
-55201
What is -601 (base 14) in base 8?
-2231
What is -170c (base 16) in base 11?
-4484
What is -12676 (base 12) in base 6?
-312230
12030322 (base 4) to base 5
1303102
-2000101120 (base 3) to base 4
-21223203
Convert 340442 (base 5) to base 16.
2edd
Convert -1331 (base 10) to base 6.
-10055
Convert 43440 (base 5) to base 11.
2283
565 (base 7) to base 3
101211
What is -4024 (base 5) in base 11?
-428
Convert -1222201 (base 3) to base 4.
-112222
What is 2170 (base 11) in base 7?
11224
What is -2ea4 (base 15) in base 7?
-41212
What is 26ab (base 15) in base 8?
20105
Convert -8304 (base 10) to base 16.
-2070
What is -1130 (base 5) in base 16?
-a5
What is 1230 (base 4) in base 8?
154
Convert -4604 (base 13) to base 7.
-40406
What is 12001122 (base 3) in base 13?
18aa
Convert -12316 (base 8) to base 3.
-21022021
Convert -140252 (base 6) to base 9.
-18825
Convert -9a2 (base 12) to base 4.
-112022
What is 30dc (base 15) in base 13?
491a
What is 32232 (base 4) in base 7?
2514
2120033 (base 4) to base 14
379d
5 (base 16) to base 10
5
Convert 55613 (base 7) to base 5.
422044
What is -110 (base 8) in base 13?
-57
-a29 (base 13) to base 10
-1725
What is -1110110000000 (base 2) in base 10?
-7552
1a4 (base 16) to base 10
420
-126062 (base 8) to base 9
-66420
9b (base 14) to base 7
254
1115 (base 7) to base 15
1be
10535 (base 6) to base 13
8b4
-14321 (base 5) to base 15
-55b
What is 248a (base 12) in base 6?
31054
What is 19065 (base 11) in base 4?
12201003
Convert 5267 (base 15) to base 14.
64c6
What is -111110 (base 3) in base 8?
-553
What is -1324320 (base 5) in base 6?
-324123
Convert 8c04 (base 13) to base 9.
28806
1100010011101 (base 2) to base 10
6301
7955 (base 16) to base 9
46542
-202400 (base 5) to base 4
-1213020
What is 16055 (base 8) in base 12?
4211
What is 1020011010 (base 3) in base 13?
b001
-12a7 (base 12) to base 3
-2221101
What is 3203 (base 4) in base 7?
443
-2b4d (base 16) to base 10
-11085
Convert -6ae (base 15) to base 14.
-7a2
What is 2012 (base 6) in base 8?
670
What is -2121 (base 5) in base 3?
-101121
200433 (base 6) to base 14
5a29
-11100011010 (base 2) to base 9
-2440
2110021112 (base 3) to base 7
260603
Convert 20432 (base 6) to base 10.
2756
Convert -531 (base 10) to base 8.
-1023
What is -8324 (base 14) in base 10?
-22572
Convert 531 (base 11) to base 14.
339
Convert 22100 (base 11) to base 10.
32065
What is 3301 (base 4) in base 6?
1041
Convert -53114 (base 6) to base 5.
-212144
44662 (base 7) to base 6
124214
What is 1506 (base 11) in base 10?
1942
-17b2 (base 13) to base 8
-6705
Convert -4646 (base 9) to base 10.
-3444
Convert -20352 (base 9) to base 8.
-32144
Convert 867 (base 11) to base 14.
545
Convert 2373 (base 9) to base 2.
11011100111
Convert -c3b (base 13) to base 2.
-100000011110
31131 (base 5) to base 13
c10
Convert 4330 (base 5) to base 12.
412
10 (base 9) to base 5
14
What is -26224 (base 7) in base 10?
-6976
204 (base 12) to base 8
444
534 (base 13) to base 6
4040
144 (base 15) to base 13
193
What is 102111221 (base 3) in base 9?
12457
Convert -2178 (base 16) to base 15.
-2813
What is 375 (base 8) in base 15?
11d
What is 32031 (base 4) in base 3?
1020200
182b (base 12) to base 9
3888
What is 10c67 (base 13) in base 10?
30674
What is -100410 (base 6) in base 12?
-4706
Convert -300302 (base 4) to base 6.
-22242
What is -154 (base 6) in base 4?
-1012
What is 7388 (base 10) in base 12?
4338
Convert -9c5 (base 16) to base 7.
-10202
Convert -b21 (base 16) to base 14.
-1077
Convert 233b (base 15) to base 9.
11232
Convert 22103 (base 4) to base 3.
220102
Convert 21261 (base 7) to base 12.
3086
Convert -b40 (base 16) to base 3.
-10221200
What is -2032 (base 8) in base 11?
-875
Convert 1212001 (base 3) to base 14.
6c7
-4044 (base 7) to base 8
-2574
Convert -5501 (base 6) to base 2.
-10011101101
Convert 455 (base 7) to base 12.
178
-13401 (base 6) to base 3
-2212101
-1db7 (base 14) to base 15
-1938
4131 (base 13) to base 10
8997
What is 13835 (base 9) in base 6?
111352
What is 189 (base 12) in base 14?
13b
Convert 110003 (base 4) to base 13.
779
What is -21010012 (base 3) in base 13?
-2492
What is 10010 (base 3) in base 10?
84
-2d6 (base 16) to base 7
-2055
8413 (base 14) to base 8
54341
What is -a96 (base 13) in base 9?
-2434
Convert b583 (base 15) to base 12.
1a259
What is 115204 (base 6) in base 13?
486a
What is 1022a (base 11) in base 9?
22412
11 (base 11) to base 4
30
Convert -36b (base 15) to base 2.
-1100001000
Convert 22242 (base 6) to base 16.
c32
Convert 170a (base 11) to base 15.
9ad
Convert 3aea (base 16) to base 8.
35352
What is -12144 (base 6) in base 10?
-1792
-c80 (base 13) to base 4
-201110
-253 (base 7) to base 5
-1021
188a5 (base 11) to base 12
13318
Convert -103503 (base 6) to base 2.
-10000110011111
What is 20311 (base 4) in base 8?
1065
Convert -10038 (base 9) to base 10.
-6596
33707 (base 8) to base 10
14279
What is -120d (base 14) in base 7?
-12116
-dbbd (base 15) to base 9
-70737
What is 72 (base 9) in base 8?
101
What is -30a (base 12) in base 14?
-238
What is -3112232 (base 4) in base 6?
-143342
What is -635b (base 13) in base 8?
-32705
What is 2140 (base 5) in base 11?
249
What is -23414 (base 7) in base 8?
-13626
-caaa (base 14) to base 9
-53051
Convert 719 (base 10) to base 12.
4bb
What is -554022 (base 6) in base 10?
-46238
Convert -10023 (base 4) to base 12.
-1a3
Convert 7071 (base 11) to base 6.
111255
Convert -100010000000010 (base 2) to base 7.
-101521
12112302 (base 4) to base 14
96b8
Convert 12522 (base 9) to base 16.
20fc
100230332 (base 4) to base 8
205476
4d6 (base 15) to base 9
1453
What is 6b (base 14) in base 6?
235
Convert -7772 (base 8) to base 12.
-244a
-27c90 (base 13) to base 5
-4342041
1037 (base 15) to base 16
d63
Convert -175 (base 12) to base 2.
-11101001
Convert -24123 (base 5) to base 3.
-2110020
-101023 (base 4) to base 8
-2113
Convert -4312 (base 7) to base 10.
-1528
What is 21122220 (base 3) in base 14?
2070
Convert -12795 (base 12) to base 13.
-b6a2
What is -2101 (base 3) in base 6?
-144
What is 10010101 (base 2) in base 6?
405
What is -201022 (base 4) in base 6?
-13454
Convert 1201110 (base 3) to base 9.
1643
Convert 23c (base 14) to base 13.
284
-1010011 (base 2) to base 11
-76
What is 11001010111110 (base 2) in base 12?
7626
Convert 10836 (base 16) to base 6.
1241050
What is -308 (base 14) in base 15?
-29b
What is -111022011 (base 3) in base 4?
-2113201
What is -11 (base 15) in base 3?
-121
-10122 (base 4) to base 15
-13c
1a4 (base 14) to base 7
664
Convert 122112101 (base 3) to base 11.
966a
44a3 (base 11) to base 14
222d
What is 111111 (base 2) in base 